- 6*z - 87. Let p = -83 + z. What are the prime factors of p?
2
Suppose -s = -16*a + 19*a - 56237, -2*s + 112498 = 2*a. List the prime factors of s.
5, 11251
Suppose 44 = -7*x + 72. What are the prime factors of (177/x)/(8/64)?
2, 3, 59
Let p(v) = 7*v - 7. Let c be p(16). Let w be c*((-6)/24)/(1/(-4)). Suppose -x = 4*x - w. What are the prime factors of x?
3, 7
Suppose -101337 - 107963 = 91*k - 105*k. List the prime factors of k.
2, 5, 13, 23
Let a be (-1)/((-3 + 1)*(-18)/(-180)). Suppose -a*u + 2672 = -5*l - 478, l = -4*u + 2525. What are the prime factors of u?
631
Suppose -5*t + 10*t = 0. Suppose t = -7*s + 8*s + 10. What are the prime factors of (1868/(-5))/(-4) + s/25?
3, 31
Let r(z) = 4998*z - 4529. What are the prime factors of r(20)?
7, 13633
Suppose -28 = -0*l - 7*l. Suppose -t = -5*d + 1525, 0 = l*d - 0*d - 3*t - 1220. List the prime factors of d.
5, 61
Suppose -5*k = -4*c - 1350 + 63594, -4*c - k + 62220 = 0. What are the prime factors of c?
2, 3889
Suppose 7*u = u + 828. Suppose -u + 503 = -5*s. Let o = 156 + s. What are the prime factors of o?
83
Suppose 0 = 5*d - 3*p - 3860 + 522, 3*d + 3*p = 1998. Let x = 2318 - d. What are the prime factors of x?
13, 127
Let r = 177480 + -106481. List the prime factors of r.
70999
Suppose -4*v = 3*b - 6058, 2*v - 811 - 2229 = 4*b. Let t = -1066 + v. What are the prime factors of t?
2, 3, 5
Let g = -749 - -292. Let q = -90 - g. List the prime factors of q.
367
Suppose 111*w - 55264 = 103*w. What are the prime factors of w?
2, 11, 157
Suppose -5*z = -3*r - 59797, -2*z + 31921 - 8013 = -3*r. What are the prime factors of z?
7, 1709
Let w = 4962 - -4738. List the prime factors of w.
2, 5, 97
Suppose 0 = 84*p - 132260 - 190972. What are the prime factors of p?
2, 13, 37
Suppose p = 5*k - 28, -20*k + 3*p = -22*k + 1. Suppose 0*h + 2728 = 4*h - 4*g, h - k*g - 670 = 0. What are the prime factors of h?
5, 137
Let u be ((-30)/(-9))/5*348. List the prime factors of u - (-6)/(-36)*0.
2, 29
Let o(g) = 4*g**3 - 17*g**2 + 19*g + 29. Let t be o(12). Suppose -4*y = -3*r - 831 - 2942, -5*y - r + t = 0. What are the prime factors of y?
2, 59
Let y(o) = -16*o + 36. Let s be y(-5). Let d = s - 98. List the prime factors of d.
2, 3
Suppose k + 7 = -2*j + 1, 3*j = -9. Suppose k*v = 2*v + 4. List the prime factors of ((-261)/45)/(v/10).
29
Let i = -684 - -695. Let d(w) = 79*w - 108. What are the prime factors of d(i)?
761
Let k(h) = -13*h - 29. Let n(g) = -3*g + 32. Let t be n(12). Let z be k(t). Suppose -z*i + 18*i = -530. What are the prime factors of i?
2, 53
Suppose 0 = -13*d + 6 + 33. Suppose -d*f + 117 = -108. Let y = -60 + f. List the prime factors of y.
3, 5
Let f(m) = 11494*m + 55. What are the prime factors of f(2)?
3, 7681
Let k(c) = 864*c**2 - 7*c - 32. What are the prime factors of k(3)?
7723
Suppose 136 = n + 7*n. Suppose 13*q + 472 = n*q. List the prime factors of q + -3 + 2 + -1.
2, 29
Suppose -4*f = 2 - 14. Let i(l) = 16*l**2 + 10*l**2 - 4 - 7*l**2 - 5*l**2 - 4*l. What are the prime factors of i(f)?
2, 5, 11
Let m be 5 + (-5 - -2) + -2. Suppose m = -4*z - 735 - 701. Let w = 509 + z. What are the prime factors of w?
2, 3, 5
Suppose -5*r + 187935 = -3*u, 13*r - 828429 + 339798 = -3*u. List the prime factors of r.
3, 11, 17, 67
Let s = -2195 + 2342. List the prime factors of s.
3, 7
Suppose 5*c = -2*n + 3750, 3*n - 1078 = -c + 4521. Suppose 8*j = 13*j - n. What are the prime factors of j?
373
What are the prime factors of (-108172)/3*(-7 - (-12 - -11))/4?
2, 27043
Let h(p) = -p + 24. Let k be h(20). Suppose -k*i + 4*m = -1220, -2*i - 108 = 4*m - 742. List the prime factors of i.
3, 103
Suppose 0 = -3*x + 3*c + 123, -c + 31 = x - 0*c. Suppose -6*f + x = 3*f. Suppose -f*a + w = -8*a + 639, 2*a + 3*w = 307. What are the prime factors of a?
7, 23
Let p(s) = 2*s**3 - 13*s - 13. Let x be p(-6). Let h = -163 - x. List the prime factors of h.
2, 3, 17
Suppose -379*g + 458*g = 578565 + 1573632. List the prime factors of g.
3, 1009
Suppose -15*z + 0*z = 24*z - 1552356. List the prime factors of z.
2, 3, 31, 107
Suppose -m - 4*q + 0*q = -16, -2*m = 4*q - 20. Suppose -d - 228 = u, u + 633 = -m*d - 267. Let o = d - -336. List the prime factors of o.
2, 7
Suppose -s - 247 = -v + s, 4*v - 988 = s. Let a = v + 37. What are the prime factors of a?
2, 71
Let g = 43230 - 24969. What are the prime factors of g?
3, 2029
Let j = 12438 + -7904. What are the prime factors of j?
2, 2267
Suppose -2*h = 6, 3*h = -1337*s + 1333*s + 175879. What are the prime factors of s?
2, 10993
Let h(i) = i**2 + 12*i - 87. Suppose 3*n - 4*n + 120 = -3*k, 4*k + 4*n = -144. List the prime factors of h(k).
2, 3, 7, 23
Suppose 94 = 33*h - 35*h. Let c = h + 39. Let o(q) = q**3 + 10*q**2 + 2*q - 14. What are the prime factors of o(c)?
2, 7
Suppose -76*x + 63735 = -73*x. List the prime factors of x.
5, 7, 607
Let k(b) = -b. Let o(i) = i + 10. Let z(n) = -2*k(n) - o(n). Suppose 4*p + 7 = 67. List the prime factors of z(p).
5
Let z(q) = -2*q**3 - 7*q**2 - 5*q - 1. Let n(w) = 2*w**2 + 7*w - 9. Let v be n(-4). Let u be z(v). Let i = u - -42. What are the prime factors of i?
3, 47
Suppose y = 2*j - 8647, j - 368*y - 4346 = -363*y. What are the prime factors of j?
29, 149
Let r be 10 + 2/((0 - -5) + -3). Suppose -2*n - 9 + 39 = 0. Let q = n + r. List the prime factors of q.
2, 13
Let p(y) = 2*y**3 - 4*y**2 - 3*y - 11. Let n be p(-5). Let m = n + 654. List the prime factors of m.
2, 7, 11
Let c = 25721 + 56016. List the prime factors of c.
81737
Suppose -27514 = -2*s - 12*z, -2*s = 4*z - 17178 - 10296. List the prime factors of s.
7, 37, 53
Suppose -2*k - 2*n = -2118, 3*k + 24*n - 3175 = 22*n. List the prime factors of k.
7, 151
Let t(f) = 6*f**3 - f**2 + 1. Let b be t(-1). Let l be 4 - 4 - 2 - b. Suppose -l = -4*s, 3*s = 4*o - s - 400. What are the prime factors of o?
101
Let h = -163 + 91. Let s be 7591/6 - (-12)/h. List the prime factors of s/(-22)*(-1 + 6/(-10)).
2, 23
Let c(t) = t**3 - 2*t - 1. Let w be c(-1). Suppose w = 5*p + 4*b + 347, -4*b = -4*p + b - 294. Let u = 76 + p. List the prime factors of u.
5
Let g(s) = -2*s**3 + 164*s**2 + 189*s + 67. List the prime factors of g(82).
5, 11, 283
Let i(x) = 14*x + 108. What are the prime factors of i(22)?
2, 13
Let w(s) = -s - 11. Let x be w(-14). Let p be (-146)/(-10) + x/(-5). What are the prime factors of -2 - 12/(-7) - (-928)/p?
2, 3, 11
Let k(c) = -3*c**3 + 2*c**3 + 0*c**2 - 3*c - 3*c**2. Let g be k(-2). Suppose 3*f - 495 = -5*s, g*f - 291 - 6 = -3*s. List the prime factors of s.
3, 11
Let m = 10073 + -4144. What are the prime factors of m?
7, 11
Let p = 28393 + 4398. List the prime factors of p.
11, 271
Suppose 5*b - 4*t - 10 = 0, -2*b + 4 = -4*t - t. Let v = -1 + 7. What are the prime factors of -2 - (-22)/v*(b + 1)?
3
Let x(h) = -227*h - 907. What are the prime factors of x(-5)?
2, 3, 19
Let u = -1 + 6. Let d = 2 + u. Suppose 2*x - 41 = -d. List the prime factors of x.
17
Let t(z) = z + 2. Let g(n) = -37*n - 79. Let s(y) = -g(y) - 6*t(y). What are the prime factors of s(3)?
2, 5
Suppose 2*h + 19 - 25 = 0. Suppose -h*a + 0*a + o = -2283, -3*o = 2*a - 1522. Suppose z = -4*t + a, 0 = t + 5*z - 134 - 42. What are the prime factors of t?
191
Let a be 5 + -2*(-15)/(-10). Let y = 4 - a. Suppose -4*f - 774 + 98 = -4*h, 4*f - 338 = -y*h. List the prime factors of h.
13
Suppose -2*t + 24221 = -5*w, -4 = 28*w - 32*w. List the prime factors of t.
12113
Let p = -422 - -421. Let j(y) = -832*y - 31. What are the prime factors of j(p)?
3, 89
Suppose -5*j = 3*i - 663, 663 = -0*i + 3*i - 5*j. Suppose i = 5*u - 229. List the prime factors of u.
2, 3, 5
Suppose 4*u - 33*u + 20*u = 0. What are the prime factors of ((-7210)/20)/7*(-30 - u)?
3, 5, 103
Suppose -5*q + 4*o + 10 = 0, -8 = -4*q - 10*o + 8*o. Suppose -q*t + 61 = -717. What are the prime factors of t?
389
Let i(s) = 1 + 2 - 11 + 6 - 2*s. Let t be i(4). What are the prime factors of t/25 - 72/(-5)?
2, 7
Suppose 8 = 2*q + g, -3*q - 17*g = -21*g - 12. Suppose -4*s = 0, q*s = -3*w - 859 + 2113. What are the prime factors of w?
2, 11, 19
Let l = 394 - 393. Let y(g) = 15*g**2 - 29*g + 2 - 7*g**2 + 26*g. List the prime factors of y(l).
7
Let r(w) = -w**3 + 15*w**2 + 2*w + 12. Let u be r(15). What are the prime factors of u/(-63) + (-3346)/(-6) + -1?
2, 139
Suppose